-5)?
1
Let r = -42 + 37. Let w = 0 - r. Suppose -535 = -w*p - 2*h - 0*h, -h = -p + 114. What is the units digit of p?
9
Suppose -6057 = -5*y - 4*n, 0 = 3*y + 127*n - 129*n - 3621. What is the units digit of y?
9
Let m(l) = 36*l**3 - l - 69. What is the units digit of m(7)?
2
Let x(f) = 2269*f - 2396. What is the ten thousands digit of x(24)?
5
Suppose 9 = l - 2*k - 2, 4*l + k - 80 = 0. What is the tens digit of l/(-171) + (-460)/(-9)?
5
Let l(n) = -64*n + 416. Let v be l(6). Suppose 0 = v*u - 22517 + 5365. What is the units digit of u?
6
Suppose 43257 = 18*f + 75032 - 270995. What is the ten thousands digit of f?
1
What is the ten thousands digit of 26/(-20)*-72*(4 - (-2142)/12)?
1
Let s = 15614 + -15123. Let k be 2986/(-9) - (-2)/(-9). Let w = k + s. What is the hundreds digit of w?
1
Let m(k) = -3*k**3 + 386*k**2 + 261*k - 591. What is the ten thousands digit of m(129)?
1
Let k(m) = -2*m - 11. Let g be k(-6). Let n be g + (-1)/1 + -1. What is the units digit of (-103 - (-3 + -3 + 5))/n?
2
Let d(v) = 54*v - 6. Let i be d(1). Suppose -38*p = -i*p + 400. What is the units digit of p?
0
Let a = -3435 - -8205. What is the hundreds digit of a?
7
Suppose 0 = -5*v + m + 38943, -4*m + 38978 = 19*v - 14*v. What is the thousands digit of v?
7
Let y(l) = -5052*l + 2808. What is the hundreds digit of y(-11)?
3
Let r = 48 - 72. What is the hundreds digit of (87/(-4))/(r/480)?
4
Let r(h) = 9*h**2 + 8*h + 6. Let p be r(-5). Let j = p - -179. What is the tens digit of j?
7
Suppose 16 - 10 = 3*b. Suppose -3*r = b*r + v + 2, -4*r + 2*v = -4. Suppose r = 28*i - 32*i + 296. What is the tens digit of i?
7
Let o(u) be the first derivative of -3*u**4/4 + u**3/3 - 3*u**2 + 2*u + 2. Let a be o(4). Let c = a + 278. What is the tens digit of c?
8
Let t(i) = -i**3 - 13*i**2 - 12*i + 3. Let d be t(-12). Suppose -3*x = d*v + v - 64, 3*x = 0. What is the units digit of v?
6
Let c(d) = 342*d - 493. What is the thousands digit of c(97)?
2
What is the units digit of (145 - 2)*3/(-3)*-29?
7
Suppose -3*x = 23 - 32. Suppose -b = b + h - 134, -x*h = -2*b + 134. Suppose k - 150 = b. What is the units digit of k?
7
Let i(z) = z**2 + 2*z + 1. Let q(s) = -s. Let d(a) = -i(a) - 3*q(a). Let c(m) = -m**3 + 19*m - 21. Let u(j) = -c(j) + 6*d(j). What is the units digit of u(8)?
9
What is the units digit of (2742/(-36)*-4)/(8/2580*5)?
1
Suppose -5*p + 156887 = 4*q, 0 = -3*q + 11 - 2. What is the units digit of p?
5
Let u(f) = 561*f**2 - 9*f - 9. Suppose z = 4*c + 3, 0 = -c + 3*z + 2. What is the hundreds digit of u(c)?
5
Suppose 2*q + 28*s - 32520 = 29*s, q + s - 16263 = 0. What is the hundreds digit of q?
2
Suppose j = -3*k - 25, -4*k = 3*j - 0*k + 100. Let c = j + 44. Suppose 12*o - 96 = c*o. What is the tens digit of o?
1
Suppose 4*f + 3*b + 168 = 4*b, 0 = 4*b. What is the hundreds digit of (-3314)/(-14) - 3/(f/4)?
2
Let m be (4/6)/((-1 - 3)/(-12)). Let q = -952 + 1704. Suppose m*z = -6*z + q. What is the units digit of z?
4
Let i(l) = 5*l**2 + l - 13. Let v be i(7). Suppose 0 = 4*q + 20. What is the tens digit of v - q/(30/(-18))?
3
Suppose 2*w - 3*z + 5 = 10, -5*z - 5 = 0. Let x be (-10 - 0)/(w - 3). Suppose -h = -5*o - 38, 2*h + x*o = -2*h + 152. What is the units digit of h?
8
Suppose -1913 = -2*k - c, -8*c - 1917 = -2*k - 5*c. What is the units digit of k?
7
Let n = -24 + 29. Suppose 2181 = 5*a - 4*c, n*a + 435 = 6*a - 2*c. What is the tens digit of a?
3
Suppose 3*a = -5*x - 2*x + 55919, -39937 = -5*x - 3*a. What is the hundreds digit of x?
9
Let q = 64 - 97. Let n = q - -44. Let m = n + 17. What is the units digit of m?
8
What is the ten thousands digit of (-14)/2 + (-7 - ((-2 - -12) + -23643))?
2
Suppose 6 = -g - g, 81 = 3*i + 3*g. What is the units digit of ((-456)/15)/(3/i*-4)?
6
Let v(x) = x**3 + 5*x**2 + 4*x + 2. Let z be v(-4). Suppose 2027 = 5*m + 8*w, 10*m - 3*w + 812 = 12*m. Suppose 97 = -z*k + m. What is the hundreds digit of k?
1
Suppose -3*f - 3427 = 3*i + 290, i + 3709 = -3*f. Let d = -856 - f. What is the tens digit of d?
7
Let w(h) = -3*h**2 - 14 - h**2 + 16 + h**3 - 2*h. Let a be w(-2). What is the tens digit of (a/(-12) - 1443/(-6)) + 0?
4
Let l = -1740 + 2619. Let u be 6/4 + l/2. Suppose -5*x + u - 86 = 0. What is the tens digit of x?
7
Let p(m) = 6*m**2 - 27*m + 8. Let z = 19 + -7. Let h be p(z). Suppose -5*w + 88 = 5*o - 4*o, -2*w - h = -5*o. What is the units digit of o?
8
Let k be (-1430)/40 - (-2)/(-8). Let t be 17/(-5) - 10/(-25) - 3. What is the units digit of k/(2/32*t)?
6
Suppose -29*n = -35*n + 11610. Suppose -50*j + 55*j - n = 0. What is the tens digit of j?
8
Let n = -79 - -78. Let a be n + 3 - (-3816)/9. Suppose 5*r = -2*w + 82 + 202, -3*w + 2*r + a = 0. What is the tens digit of w?
4
Let g be (2 + 55/10)*2. Let c(w) = -w**3 + 19*w**2 - 28*w - 16. What is the tens digit of c(g)?
6
Let q = -104 + 109. Suppose -3*k - 1053 = -q*j - 10, 2*k + 203 = j. What is the units digit of j?
1
Let z be (-157 + -1)*(4 - (0 + 3)). Let j = 180 + z. What is the units digit of j?
2
Suppose -2*n - 80 = -2*u, u + 2*n = -0*n + 43. Suppose -2*k = -k + 3*l - 17, u = 4*k + 3*l. Suppose i = -2 + k. What is the units digit of i?
6
Let h(s) = s**3 + 7*s**2 - 13*s - 515. What is the thousands digit of h(18)?
7
Let p be (-108)/30*1025/(-15). Suppose -6*z = -p - 48. What is the tens digit of z?
4
Let l = -11 + 16. Suppose -13 = -l*b - 3*z + 4*z, 3*b + 1 = 5*z. Suppose 24 = w - b*h - 59, 4*w + h = 345. What is the units digit of w?
6
Suppose 2 = -v + 4. Let u = 67 - 62. Suppose -2*o + u*t = -209, 5*o + v*t = 7*t + 530. What is the hundreds digit of o?
1
Suppose -8*j = 12*j + 35940. What is the hundreds digit of j/(-2) - 3/2?
8
Let o = -22143 - -31944. What is the hundreds digit of o?
8
Suppose -655839 = -33*t + 113061. What is the thousands digit of t?
3
Let j(f) = 6*f**2 - 52*f + 22. Let q be ((-56)/12)/((-24)/(-9) - 3). What is the hundreds digit of j(q)?
4
Let g = -118 - -170. Let t be (13/(g/440))/(-1). Let k = t - -267. What is the tens digit of k?
5
Let d(j) = 21*j**2 + 7*j. Let w be d(3). Let q = 305 - w. Let h = 263 - q. What is the hundreds digit of h?
1
Suppose 72 = -3*j + 6. Let d(p) = p**3 + 23*p**2 - 11*p + 70. What is the hundreds digit of d(j)?
7
What is the units digit of 10 + 8 + -15 + 6741?
4
What is the hundreds digit of (5049/18)/(-17)*(0 + -3 - 551)?
1
Let l(x) be the third derivative of x**5/60 - 13*x**4/24 - 8*x**3/3 + 2*x**2. Suppose -3*s - 2*s + 73 = -p, -38 = -2*s - 4*p. What is the units digit of l(s)?
4
Let b(w) = w**2 + 10*w + 24. Let n be b(-6). Let r(q) = 17*q**2 + q + 182. What is the tens digit of r(n)?
8
Let x = 51 + -58. Let q(a) = -4*a - 23. Let v be q(x). Suppose 3*f + v = 2*f, 0 = -u - 2*f + 24. What is the tens digit of u?
3
Let z(f) = 2*f**3 - 2*f**2 - 4*f + 4. Let b be z(2). Let v = 10 + b. What is the units digit of (12/7 - 0)/(v/49)?
6
Suppose -33062 = -2*g - 5*x, 23506 = 4*g - 2*x - 42546. What is the units digit of g?
6
Let a = 27 - 24. Let z(k) = 346*k - 25. What is the hundreds digit of z(a)?
0
Let v(l) = l**2 + 16*l + 32. Let f be v(15). What is the hundreds digit of 1 + (f + -3)*1?
4
Suppose 10*p - 100 = 6*p. Let h(l) = l**3 - 25*l**2 + 2*l - 3. Let t be h(p). What is the tens digit of t + -3 + 2 + 2?
4
Suppose -3*m = -y + 83 + 22, 4*y = 2*m + 460. Let g = y + 129. What is the tens digit of g?
4
Let y = -24111 + 40480. What is the thousands digit of y?
6
Suppose 2*w + 3*p = -3*w - 18, 4*p - 16 = 0. Suppose 0 = -4*z + t + 36, 5*z - t - 45 = 4*t. What is the units digit of (-476)/6*z/w?
9
Let b be 1/2 - 7/((-56)/(-4220)). Let d = 27 - b. What is the tens digit of d?
5
Let p(k) = -2*k**2 - k + 2. Let s(g) = 725*g**2 + 7*g - 10. Let b(v) = 6*p(v) + s(v). What is the hundreds digit of b(-1)?
7
Suppose 30 = -4*a - a. Let p(q) = -2*q + 2. Let j(w) = -15*w - 4. Let o(m) = j(m) - 6*p(m). What is the units digit of o(a)?
2
Suppose 50*m = -168*m + 17547038. What is the ten thousands digit of m?
8
Let t = 24 - 13. Suppose 0 = -9*u + t*u + 5*d - 678, u + 2*d = 338. What is the units digit of u?
4
Let p(a) = -17*a - 53. Suppose 3*v + 5*g = 6*v + 8, -2*g = -2*v - 8. Let t be p(v). Suppose -50*w + 251 = -t*w. What is the units digit of w?
1
Let s = 18539 - 12707. What is the hundreds digit of s?
8
Suppose 0 = 5*l + 3*s - 6, 4*l + s - 5*s = 24. S